16) + 8 + 9 + -1 + -5
6
Evaluate 8 + 6 - 28 - -18.
4
Evaluate -1 - (2 + 0) - (17 - 20).
0
Calculate 7 + 9 + -21 - -11 - 11.
-5
Calculate 6 + 7 + (-34 - -7).
-14
Calculate 4 + -1 + (-4 - 0 - 2) + 6.
3
-10 - -4 - (19 + -11)
-14
What is the value of (-3 - 0 - (-5 + 5)) + 3?
0
What is -8 + -7 + -2 + -1?
-18
Calculate 20 - -2 - (-24 + 13 + 17).
16
What is (-18 - -18) + (-4 - (-1 + 9))?
-12
Evaluate -19 + (-1 - -9) + (-24 + 3 - -20).
-12
Calculate 27 + (3 - 27) + 20.
23
12 + -16 + (41 - (7 - -8))
22
Calculate (88 - 87) + 1 + (-3 - 1 - -5).
3
-3 - (-2 + 2) - (-430 - -424)
3
Calculate -10 + 5 - (7 + -5 - (6 + -2)).
-3
What is the value of 3 - (-3 - -13 - 15)?
8
(-35 - -17) + 5 + 19
6
What is 8 - (4 - (-12 + 17)) - -11?
20
Evaluate 1 + 52 + 29 + -60.
22
Calculate 9 - 7 - (2 + -4 - (-3 - -3)).
4
Evaluate -7 + (0 - (-7 + -3)) - (-1 - -5).
-1
What is the value of 7 - (15 + (-11 - 7))?
10
What is -63 + 59 - (-6 + 1)?
1
What is the value of 5 - 16 - (-1 + 5)?
-15
What is the value of -29 - -34 - (-4 - 3)?
12
(-12 + -14 - 11) + 17
-20
Calculate -4 + 0 + (-1 - -1) + (-370 - -370).
-4
528 + -562 + (3 - (-13 + -3))
-15
Evaluate -8 - ((8 - 1) + -4 + (9 - 2)).
-18
Evaluate -3 + (2 - 2) + 0 - (-24 - 0).
21
3 + -32 + 31 - (3 + -1 - 2)
2
What is -21 + -6 + (-4 - -11)?
-20
What is -16 - -1 - (82 + -17 - 66)?
-14
4 + (4 - (-11 + 18))
1
Evaluate -29 - -18 - (-12 - (15 + 9)).
25
Calculate (6 - 3) + 1 + -8 + -30 + 9.
-25
(-8 + 17 - 2) + -25
-18
What is the value of (-3 - (3 + -2)) + (49 - (-29 + 52))?
22
Calculate (1 - 5 - -2) + (1 - 8) + -2.
-11
What is 5 + 6 + -52 + 10?
-31
(2 - 2) + (0 - 18) + (134 - 132)
-16
Evaluate -7 + -6 + -5 - -16.
-2
0 + 33 + (-37 - (-70 + 34))
32
What is (-6 - 0) + 37 + -15 + -23?
-7
-8 + -12 + 35 + -11
4
What is 1 - 0 - (48 + -49 - -29)?
-27
(7 - (5 - ((3 - -3) + -27))) + 7
-12
What is (-35 - (2 + 2)) + 47 + -32?
-24
Calculate 31 - ((15 - -17) + -8).
7
Calculate 14 + -3 + -2 + 1 + (-312 - -265).
-37
What is -10 + -2 + 17 + -3?
2
Evaluate -8 + (0 - -11 - -2 - 2) + -35.
-32
Calculate (23 - 30 - -27) + -3 + (0 - -2).
19
What is 3 - -6 - (55 + -35)?
-11
Evaluate (-12 - -26) + -4 + 2.
12
Calculate 4 + (8 - (-2 + 2 + (16 - 2))).
-2
What is the value of (-23 - (-41 + 21)) + -2?
-5
Evaluate (6 - 16) + (-1 - 4 - (-2 + -8)).
-5
What is the value of 10 - -8 - (4 + (-5 - (-2 + -5)))?
12
Evaluate (-4 + (-14 - -10) - -6) + (-7 - 0).
-9
Calculate (99 - 48) + -32 + 0 + -54.
-35
Calculate -4 - (-5 + (0 - 6) + 2 - -5).
0
Evaluate 2 + 2 - (12 + (5 - 12)).
-1
(-1 - 0) + 6 + -2 + (8 - 6)
5
Evaluate 18 + (5 - 16) - (3 + -9 - -11).
2
21 + (-2 - (0 + 4)) + 2
17
(18 - 17) + -8 + 0 - (-5 + 0)
-2
-9 + 0 + (10 + -1 + 7 - 10)
-3
What is the value of (2 - -3) + 0 + (-21 - -2) - -6?
-8
What is -5 - ((-4 - -4) + -7 - -14)?
-12
Calculate 0 - -13 - (17 - 6).
2
What is the value of (-1 - -12) + 265 + -256?
20
95 + -100 - (0 + -1 - 1)
-3
What is the value of 20 - (-13 - -34) - (-9 - 2)?
10
What is -21 + (24 + -17 - -1)?
-13
What is 50 + -54 - (6 + 14 + -5)?
-19
What is the value of -5 + (10 - (5 + 1)) + 2 - -2?
3
Calculate (0 - 19 - 16) + 21.
-14
2 - (13 + -4 + -4)
-3
4 + (-24 - (-8 - -11 - 5 - -8))
-26
What is 2 + 0 - ((-9 - -14) + (1 - -3))?
-7
Evaluate (-13 - (-27 + 1)) + (2 - 31).
-16
Evaluate -11 + 31 + -25 - -18.
13
What is -2 + -1 + -8 + 33 + -20?
2
Evaluate (-6 - -7) + (-22 - -4).
-17
What is the value of (-1 - 9) + (28 - 44 - -15)?
-11
(-1 + -4 - 1) + -86 + 93
1
What is the value of -5 + (-2 - -1 - 4) + (12 - 4)?
-2
Evaluate (-2 + (2 - -3) - (85 + -103)) + -6.
15
What is the value of -1 + 9 + -6 - -7 - 10?
-1
Evaluate -19 + (1 - (-1 + -10)).
-7
Evaluate 8 - (3 - (8 + -7 + 2)).
8
What is -1 - 5 - (-18 - ((-7 - 20) + 15))?
0
Evaluate 4 - -1 - (0 - (-2 + 1) - -12).
-8
18 + -13 + 32 + -32 - (-8 - 1)
14
What is 6 - -1 - (9 + (4 - 0) + -2)?
-4
Evaluate (6 - 11 - (9 - 11)) + (2 - -16).
15
Calculate -11 + 22 + (-163 - -156) + 0 + -35.
-31
(-7 - -3) + (-1 + 1 - (13 + -23))
6
What is the value of 1 - (-11 - (-2 - -1)) - (-573 - -605)?
-21
What is -30 - -30 - ((-4 - -7) + -23)?
20
What is 0 + 10 + (5 - (16 - -10) - -3)?
-8
What is the value of 0 + -9 - (-30 + (2 - -22))?
-3
What is the value of 13 - (6 - (104 + -96 - (1 + 7)))?
7
-53 + (-34 - (38 + -99))
-26
What is (67 - -8 - 79) + -2 + 27?
21
-43 - (2 - 34) - (5 - 1)
-15
What is 7 + 5 - 19 - 2 - -2?
-7
Calculate 29 - (0 - 29 - -36).
22
Evaluate -7 - ((2 - 1 - 0) + 3) - 7.
-18
What is 7 + (3 - -1) + (-5 - 36) + 10?
-20
(6 - 16) + 8 + 6
4
What is (-14 - (-22 + 9)) + (-2 - 2)?
-5
Evaluate 7 - (14 + (-4 - -19)).
-22
-37 - -39 - 5 - (-33 + 6 + -3)
27
What is the value of -30 + -1 - (-13 - 12)?
-6
What is -4 - ((-1 + 4 - 1) + -6 + 5)?
-5
Calculate -29 - (-6 + -6) - -14.
-3
What is the value of -6 - (5 + (0 - -3) + 1 + -9)?
-6
Calculate (-1 - -6) + -36 + 31 - (4 - 4).
0
What is the value of -31 + 24 + -3 + 3?
-7
What is -4 - ((-9 - -2) + 8 - 14)?
9
Calculate -9 + -3 - (-39 + 8).
19
Evaluate -3 - -24 - ((-12 - -4 - -12) + 6).
11
-1 + -1 + -15 - (-10515 - -10515)
-17
Evaluate -25 - (-16 + 8) - 3 - -7 - 6.
-19
Evaluate (-2 + 0 - 0) + (49 - 50) + 10.
7
What is the value of 31 + -46 + (-11 - -22)?
-4
Evaluate 24 - -2 - (20 + 1).
5
Calculate (1 - (3 + -6 + 0 + 6)) + -4.
-6
What is the value of 1 + -9 + -7 + (-6 - -12)?
-9
What is the value of -23 - (16 - (-20 + 42))?
-17
What is the value of 1817 + -1822 - (0 + 2)?
-7
What is -1 + 12 - (-35 + 46) - 7?
-7
Evaluate 1 + 17 + -6 + 3 + -12.
3
Evaluate (5 - (12 - -4)) + 4.
-7
18 - (-1 - (-3 - 7))
9
Calculate 13 + (-19 - -6) - 22.
-22
What is the value of 1 + -8 - (1053 - 1040)?
-20
(2 - -1) + 2 + (4 - (16 - 6))
-1
Evaluate (19 - (4 + 1 - -5)) + -24.
-15
What is -6 + 3 + -31 + 44?
10
What is the value of 4 + 2 - ((-32 - -37) + 6 + -2)?
-3
-11 - 10 - -2 - (5 - 13 - -1)
-12
-27 + 36 - (-2 - 5) - 45
-29
What is the value of (0 - (-11 + 6)) + 0 + -16?
-11
Evaluate 3 - 2 - 12 - (-19 - -7 - -9).
-8
What is the value of 49 - (26 + -6) - 35?
-6
Evaluate (19 - 22) + (-2 - 0) + 7.
2
Evaluate (-40 - -49) + -2 + (6 - 13 - 0).
0
Calculate 1 + -3 + 0 + 206 + -221.
-17
What is the value of 2 + 0 + (-2 - 3 - -6) + -3?
0
Calculate -14 + 48 + -19 + -25.
-10
Evaluate (-41 - (-43 - -23)) + 14.
-7
Evaluate -10 + (36 + -6 - 5 - 6) + -10.
-1
Calculate (31 - (-19 - -36)) + -4.
10
Calculate (24 - -3 - -9) + -11 - -8.
33
Calculate 4 + 9 + 20 + -35 + 18.
16
What is the value of 0 + 16 + -19 + -7?
-10
What is (-16 - 7) + (7 - -5) + -14?
-25
Evaluate (-20 - -41) + (-15 - -5) + -2.
9
Evaluate -24 + 18 - (-15 - -1).
8
Evaluate (5 - (1 - 0)) + (34 - (-17 - -59)).
-4
Evaluate (-1 - -2) + (9 - (8 + 4) - 1).
-3
What is the value of -2 + 53 + -57 + 0 + 13?
7
Evaluate 1 + -7 - (-1 + -12 + (-203 - -194)).
16
What is the value of -3 + 9 + (-3 + -6 - -2)?
-1
Calculate (-2 - -1) + -79 + 92.
12
-1 + -11 + (-2 - 3) + (-1 - -4)
-14
Evaluate -10 + 10 - -3 - (0 + (3 - 1)).
1
Evaluate -1 + (-14 - -14 - (4 - -1)).
-6
Calculate 6 - ((-2 - -14) + 1 + -7).
0
Calculate 19 + -7 + (-5 - -2) + 1.
10
Evaluate 25 + -15 + (-2 + -23 - -1).
-14
Evaluate (42 - (-24 + 30)) + -19.
17
Evaluate (-12 - 1) + 25 + 3 - -6.
21
Evaluate (-12 - (8 + 1)) + 12 - -2.
-7
-12 - -28 - 27 - -9
-2
Evaluate (-24 - -11) + -4 + 20.
3
What is 8 - ((-32 - 2) + 27)?
15
Evaluate 13 + 41 + -46 + -1 + -2 + -22.
-17
-24 - 0 - (17 + (-6 - 15 - -15))
-35
Calculate (14 - (11 - 10)) + -19.
-6
(-5 + -13 - -3) + 12
-3
What is the value of (32 - 25) + 20 + -26?
1
Evaluate 6 + (14 - 10) + (-3 + 5 - 4).
8
Evaluate 8 + 3 - 10 - -4 - 1.
4
What is the value of 16 - 17 - -4 - 13?
-10
Evaluate (-20 - (-1 + 2 - 5 - -1)) + 9.
-8
Evaluate 4 - (-42 + 13 + 55).
-22
Evaluate 24 - (41 + 12) - -10.
-19
What is (7 - 2 - (6 + 4)) + -7?
-12
What is (-31 + 0 - -14) + -11?
-28
Calculate -3 - -1 - (-18 + -2 - -16).
2
0 - ((-8 - -2) + 3)
3
What is the value of 13 - ((2 - 20) + 38) - (-1 + -41)?
35
What is the value of (-3 - -2) + -3 + (2 - -2) - -4?
4
53 + -60 + (1 - 7)
-13
What is 12 - (2 + 5 + 8)?
-3
Evaluate (-2 - -6 - 8) + (-4 - (8 + -7)).
-9
Calculate -2 + 2 - -5 - (-2 - -3 - 7).
11
(-641 - -619) + 3 + -7
-26
What is 3 + (-13 - -6) + (7 - 0)?
3
Evaluate (0 - -6) + (-20 + 0 - (6 + -13)).
-7
What is the value of -15 - (1 - (3 - (5 + -1 + 2)))?
-19
Calculate 20 - (-20 - (-11 + -22)).
7
What is 61 + -68 + 25